59779 a composite number?
True
Is 99103733 prime?
True
Is 11708327047 composite?
False
Is 2013312921 composite?
True
Is 10538057147 a composite number?
True
Is 3000694789 a composite number?
False
Is 1113096769313 prime?
True
Is 101047520969 a prime number?
False
Is 675249703 composite?
False
Is 41514778733 a composite number?
True
Is 876544943 prime?
True
Is 593627239 a prime number?
True
Is 2844152746 a prime number?
False
Is 47607029 a composite number?
True
Is 2509873733 a prime number?
True
Is 42243357521 prime?
True
Is 1218423683 composite?
True
Is 2139229031 a composite number?
False
Is 113508997829 composite?
True
Is 482159299 prime?
True
Is 6001547597 prime?
True
Is 12502255109 composite?
True
Is 8518407 a composite number?
True
Is 1607388361 composite?
False
Is 2038881001 composite?
True
Is 421219453 a composite number?
False
Is 473225777 a composite number?
False
Is 1495507205 prime?
False
Is 548704027 a composite number?
False
Is 198021349 a prime number?
False
Is 6530204927 prime?
True
Is 1645924271 prime?
False
Is 9539889859 a prime number?
True
Is 26563827461 a prime number?
False
Is 81489085221 prime?
False
Is 142481653 composite?
False
Is 7598781413 a composite number?
False
Is 19155911441 a prime number?
True
Is 29117551 a composite number?
True
Is 2171376539 prime?
True
Is 4930907351 composite?
True
Is 1776158513 a composite number?
True
Is 2021609197 prime?
False
Is 1402248863 composite?
False
Is 153345629 prime?
True
Is 27593398939 prime?
False
Is 63757002567 a prime number?
False
Is 17532324047 composite?
True
Is 54865607 composite?
False
Is 8889929053 a composite number?
False
Is 4456889417 prime?
True
Is 66918334387 prime?
False
Is 4147156261 a composite number?
True
Is 103884708259 composite?
False
Is 19502031811 composite?
True
Is 709218533 a composite number?
True
Is 23582173193 a prime number?
True
Is 42236352681 composite?
True
Is 108530467 a composite number?
True
Is 2402252693 a prime number?
True
Is 2903550779 a composite number?
False
Is 1602309209 prime?
True
Is 40301907407 composite?
False
Is 157813768037 a composite number?
True
Is 2419143677 composite?
False
Is 249249559 prime?
False
Is 2760317831 a composite number?
True
Is 13538447537 a prime number?
False
Is 2177472247 a composite number?
True
Is 3212777 composite?
False
Is 200489525531 a prime number?
False
Is 193020889 a composite number?
False
Is 89912502874 prime?
False
Is 4293889799 a prime number?
True
Is 708546301 composite?
True
Is 5341167941 composite?
False
Is 104734101539 a composite number?
True
Is 411855188111 a composite number?
False
Is 28721563337 composite?
False
Is 105951345757 prime?
False
Is 75927435005 composite?
True
Is 4156906881 composite?
True
Is 306698595265 prime?
False
Is 29465556559 composite?
False
Is 438071437 a prime number?
False
Is 10366278281 a prime number?
False
Is 56301952643 a prime number?
False
Is 727915393 a composite number?
True
Is 3154067 a composite number?
True
Is 3986020567 prime?
True
Is 17634582359 a composite number?
False
Is 22436236843 a prime number?
False
Is 19688258567 prime?
False
Is 57415546177 prime?
False
Is 26879309507 a prime number?
False
Is 1214835073 prime?
False
Is 4067567759 a prime number?
True
Is 257726471 a composite number?
False
Is 5191784863 composite?
False
Is 2685311311 prime?
False
Is 53383684193 a prime number?
False
Is 1498106959 a prime number?
True
Is 3611061317 a composite number?
True
Is 18199197697 a composite number?
True
Is 44635987699 a prime number?
True
Is 1695141911 a composite number?
False
Is 87711862553 prime?
False
Is 203554137 composite?
True
Is 1545047009 prime?
False
Is 48672581473 a composite number?
True
Is 1321235371 composite?
False
Is 1533074639 a composite number?
True
Is 1691691583 a prime number?
True
Is 5714084683 a prime number?
True
Is 1514172589 prime?
False
Is 3524027701 a prime number?
False
Is 441912109 a prime number?
True
Is 197799869 prime?
False
Is 33663294769 a composite number?
True
Is 9569813273 composite?
False
Is 52986937661 composite?
True
Is 2616781109 composite?
False
Is 1055000629 composite?
False
Is 357123115141 a prime number?
False
Is 7721943211 a composite number?
True
Is 7751728841 a prime number?
False
Is 27549730873 a prime number?
False
Is 171291917 prime?
True
Is 3925564139 a prime number?
False
Is 1600918639 a composite number?
True
Is 899065691 prime?
True
Is 1930039187 composite?
False
Is 11470821601 composite?
False
Is 5243328329 a composite number?
False
Is 4496165329 a composite number?
True
Is 11145293783 prime?
False
Is 20193419 prime?
True
Is 41934968611 composite?
False
Is 469607081 a prime number?
True
Is 4506857101 prime?
False
Is 352837187 composite?
False
Is 289869709 a prime number?
True
Is 11087510587 a composite number?
False
Is 51023341321 a composite number?
False
Is 2664855649 prime?
False
Is 684302539 a composite number?
True
Is 30337021691 a composite number?
False
Is 9230453 composite?
True
Is 23567351989 a composite number?
False
Is 1136242867 a composite number?
False
Is 155858099 a composite number?
False
Is 15200350387 composite?
False
Is 30727159 a prime number?
True
Is 1335411347 a composite number?
False
Is 121594247461 a composite number?
False
Is 90587251037 a prime number?
False
Is 600786737 a prime number?
True
Is 36718323353 a prime number?
True
Is 8112413563 a prime number?
True
Is 9119855629 composite?
True
Is 8760574423 prime?
False
Is 25807660778 composite?
True
Is 3896620921 prime?
True
Is 7072279559 prime?
True
Is 6714708199 prime?
True
Is 5332426441 prime?
True
Is 33310401265 composite?
True
Is 12128696241 a composite number?
True
Is 65419891 prime?
False
Is 421517417591 a composite number?
False
Is 8386431681 prime?
False
Is 212137082771 prime?
True
Is 14529618683 a composite number?
False
Is 877218613 prime?
False
Is 783817781 a prime number?
True
Is 958448279 a prime number?
False
Is 3141135629 a composite number?
False
Is 10366458469 a prime number?
False
Is 2025494243 a composite number?
False
Is 5147613689 a composite number?
False
Is 57233291 prime?
True
Is 6385405883 prime?
False
Is 6071145497 composite?
True
Is 88953784081 composite?
False
Is 35945793883 composite?
False
Is 37365495103 a prime number?
True
Is 14295308519 a prime number?
False
Is 901224763 composite?
True
Is 46578109 a composite number?
True
Is 1160618143 a composite number?
True
Is 205307455403 a composite number?
False
Is 17115898357 a composite number?
False
Is 20192122843 a composite number?
True
Is 481640041 prime?
True
Is 897349031 a composite number?
True
Is 671627261 composite?
False
Is 715263533 prime?
False
Is 1584708133 prime?
False
Is 147666935483 prime?
True
Is 7564800547 prime?
True
Is 7103980589 a composite number?
True
Is 748038823 prime?
False
Is 10744995883 prime?
True
Is 805555963 prime?
False
Is 2810050151 a prime number?
True
Is 5188750513 composite?
False
Is 349468219 a prime number?
False
Is 1410943007 a prime number?
True
Is 11751768269 a composite number?
True
Is 60938267809 a prime number?
True
Is 1793847079 prime?
False
Is 23867194261 composite?
True
Is 3498191713 a composite number?
True
Is 1484079193 a prime number?
False
Is 34489548029 a composite number?
True
Is 1136396021 prime?
True
Is 20594227963 composite?
True
Is 18862867789 a composite number?
False
Is 5042821643 prime?
True
Is 4423217137 a prime number?
False
Is 31804805405 a prime number?
False
Is 13081164823 prime?
True
Is 24144160987 prime?
False
Is 1395536199 prime?
False
Is 31854455734 a composite number?
True
Is 1453842001 a prime number?
False
Is 162403843 a composite number?
True
Is 1230414113 a prime number?
True
Is 207697701 composite?
True
Is 22686426667 composite?
False
Is 366387269 a composite number?
False
Is 89792805551 a prime number?
False
Is 7176667189 composite?
True
Is 123074851337 prime?
True
Is 15252271 a prime number?
True
Is 26800821841 prime?
True
Is 217827707 composite?
True
Is 629305913 composite?
False
Is 50615034843 prime?
False
Is 410110241 composite?
False
Is 2475200201 a composite number?
True
Is 507771245 prime?
False
Is 791932741 composite?
False
Is 1892113 composite?
False
Is 10952570527 prime?
False
Is 36208921153 prime?
False
Is 2457317559 a composite number?
True
Is 331272865609